Give o(14).
12
Let c(d) = 67*d - 1780. What is c(27)?
29
Let w(c) = 69*c**3 - 2*c**2 + 5*c - 4. Calculate w(1).
68
Let s(f) = -f**3 - 62*f**2 - 121*f - 47. Determine s(-60).
13
Let h(g) = g**3 - 20*g**2 - 55*g + 1090. Determine h(20).
-10
Let g(y) = -47*y - 86. Determine g(-2).
8
Let y(c) = -7*c - 408. What is y(-52)?
-44
Let k(o) = -o**2 - 62*o - 294. Determine k(-7).
91
Let g(s) = -s**2 - 112*s - 330. Determine g(-109).
-3
Let y(g) = -4*g**3 - 7*g**2 + 6*g + 15. Determine y(-2).
7
Let g(w) = -w**3 - 48*w**2 + 153*w - 8. Determine g(-51).
-8
Let y(n) = -719*n + 5073. Calculate y(7).
40
Let c(x) = 10*x**2 - 89*x + 32. Give c(7).
-101
Let f(w) = -2*w**3 - 17*w**2 - 8*w - 15. Give f(-8).
-15
Let g(h) = h**3 + 37*h**2 - 451*h + 15. Give g(10).
205
Let g(y) = 472*y - 12. What is g(0)?
-12
Let x(d) = 8*d**2 - 55*d - 367. Determine x(-6).
251
Let w(u) = 425*u**2 + 7225*u + 23. What is w(-17)?
23
Let p(y) = -2*y**3 - 12*y**2 + 54*y + 45. Calculate p(-9).
45
Let p(l) = -l**3 + 8*l**2 + 8*l + 8. Give p(8).
72
Let t(x) = -x**3 + 6*x**2 + 47*x - 468. Give t(9).
-288
Let p(r) = -208*r**3 + 4*r**2 - 3*r + 1. Give p(1).
-206
Let s(p) = 103*p**3 + 12*p**2 + 13*p. What is s(-1)?
-104
Let o(y) = -y**3 - 7*y**2 - y + 45. Give o(-6).
15
Let a(b) = 4*b**3 + 24*b**2 - 23*b - 134. Give a(-6).
4
Let a(x) = 10*x**2 - 1293*x - 895. Give a(130).
15
Let r(p) = 17*p**2 - 245*p + 16. Give r(13).
-296
Let k(m) = -2*m**3 - 13*m**2 + 20*m + 13. Give k(-8).
45
Let v(q) = -272*q - 3325. What is v(-11)?
-333
Let t(a) = 102*a - 1557. Determine t(16).
75
Let r(t) = -t**2 + 23*t + 603. What is r(40)?
-77
Let k(j) = -75*j**2 - 11*j - 11. What is k(-1)?
-75
Let i(a) = a**2 + 30*a + 136. Calculate i(-29).
107
Let b(f) = 2*f**2 + 16*f + 54. What is b(-13)?
184
Let z(f) = -f**3 - 21*f**2 + 8*f + 190. What is z(-21)?
22
Let j(o) = -o**3 - 32*o**2 + 43*o + 330. What is j(-33)?
0
Let n(w) = -76*w - 7. What is n(0)?
-7
Let s(w) = -w**3 - 4*w**2 + 53*w + 19. Calculate s(-10).
89
Let m(s) = 8*s**2 - 38*s + 14. Give m(4).
-10
Let z(d) = -3*d**2 - 130*d - 1177. Give z(-13).
6
Let w(z) = z**3 + 25*z**2 - 24*z + 51. Determine w(-26).
-1
Let j(c) = 10*c**2 + 198*c + 887. Calculate j(-6).
59
Let l(w) = -13*w + 164. What is l(13)?
-5
Let d(g) = -g**3 + 115*g**2 - 298*g - 4267. Determine d(112).
-11
Let v(n) = -7*n**3 + 94*n**2 - 311*n + 6. Calculate v(6).
12
Let h(i) = -159*i - 8112. Give h(-51).
-3
Let m(b) = -28*b**2 - 203*b - 10. Determine m(-7).
39
Let s(t) = -2*t + 382. Calculate s(-7).
396
Let b(z) = z**3 + 108*z**2 - 346*z - 1445. Give b(-111).
-2
Let w(u) = -28*u - 148. Give w(-9).
104
Let l(j) = 8*j - 93. Determine l(-8).
-157
Let z(n) = -154*n + 1056. Give z(7).
-22
Let b(q) = -2865*q + 34349. Give b(12).
-31
Let i(s) = -4*s**3 + 10*s**2 - 10*s + 11. Give i(3).
-37
Let d(b) = 377*b + 20358. Determine d(-54).
0
Let g(y) = -y**3 + 26*y**2 + 403*y + 145. Determine g(37).
-3
Let k(x) = -x**3 + 34*x + 17. What is k(6)?
5
Let c(t) = -15*t**2 + 643*t + 734. Calculate c(44).
-14
Let o(n) = -14*n**2 + 43*n - 1. Give o(0).
-1
Let j(n) = 50376*n - 302256. Calculate j(6).
0
Let d(m) = m**3 - 5*m**2 - 31*m + 129. What is d(5)?
-26
Let h(t) = -8*t**2 - 343*t - 301. Determine h(-42).
-7
Let p(v) = -2*v**2 + 13*v + 71. Calculate p(5).
86
Let u(q) = 22*q - 354. Calculate u(15).
-24
Let m(k) = k**3 - 65*k**2 - 282*k - 49. Determine m(69).
-463
Let y(d) = -d**2 + 27*d - 168. Determine y(11).
8
Let d(w) = 66*w**2 - 2632*w - 345. Give d(40).
-25
Let z(o) = -362*o - 15207. What is z(-42)?
-3
Let h(p) = p**2 - 1304*p + 10354. Determine h(8).
-14
Let i(y) = 310*y + 9647. What is i(-31)?
37
Let z(d) = d**2 - 45*d - 85. Give z(47).
9
Let g(d) = 62*d - 7140. Give g(117).
114
Let m(k) = 5*k**3 + 32*k**2 + 30*k - 21. Give m(-5).
4
Let m(h) = 113*h - 698. Calculate m(5).
-133
Let u(c) = -33*c - 9. Determine u(-1).
24
Let h(b) = 2996*b - 15070. What is h(5)?
-90
Let a(k) = k**2 - 809*k + 155429. Calculate a(314).
-1
Let f(a) = 5*a**2 - 158*a - 212. Determine f(33).
19
Let t(a) = 4*a**2 + 88*a - 108. What is t(-23)?
-16
Let p(n) = -3*n**2 - 9*n - 15. Determine p(-7).
-99
Let i(s) = -419*s - 13408. Calculate i(-32).
0
Let h(i) = -577*i + 4600. What is h(8)?
-16
Let p(z) = z**2 + 3*z - 1470. Give p(37).
10
Let w(p) = -p**3 + 69*p**2 + 701*p + 91. Calculate w(78).
13
Let f(v) = v**3 - 31*v**2 - 35*v + 98. Determine f(32).
2
Let z(o) = -o**2 + 4*o + 49. Give z(9).
4
Let p(a) = -19*a**2 - 101*a + 305. Determine p(3).
-169
Let d(x) = -4*x**2 + 10*x - 35. What is d(7)?
-161
Let f(c) = -6601*c + 52813. What is f(8)?
5
Let j(v) = -506*v + 4001. Calculate j(8).
-47
Let j(c) = -3*c**2 - 16*c + 14. Give j(-6).
2
Let q(r) = 202*r - 1797. Give q(9).
21
Let c(t) = t**3 + 15*t**2 + 49*t + 25. Calculate c(-4).
5
Let x(m) = 2*m - 135. What is x(-8)?
-151
Let x(y) = -3*y**2 - 72*y - 11. Calculate x(-9).
394
Let c(j) = -998*j + 26939. Calculate c(27).
-7
Let b(p) = 2*p**3 - 13*p**2 + 16*p - 1. Calculate b(4).
-17
Let w(x) = 865*x + 5209. Calculate w(-6).
19
Let h(b) = -3*b**2 - 259*b + 2133. Give h(-94).
-29
Let c(f) = 648*f + 3276. What is c(-5)?
36
Let y(u) = 5078*u - 40625. What is y(8)?
-1
Let z(u) = 3*u**3 + 2*u**2 - 2*u + 1. Give z(1).
4
Let q(c) = -6*c**2 - 14*c - 2. Calculate q(-6).
-134
Let o(p) = -51*p**2 + 19*p - 53. Give o(3).
-455
Let f(l) = -278*l - 2338. Give f(-9).
164
Let t(l) = -l**2 - 124*l - 3825. What is t(-58)?
3
Let z(o) = o**3 + 32*o**2 + 83*o - 187. Determine z(-29).
-71
Let g(z) = -z**2 - 94*z - 1251. Determine g(-78).
-3
Let n(y) = 9*y + 129. Calculate n(-15).
-6
Let b(h) = h**2 + 171*h + 3413. Determine b(-148).
9
Let m(d) = d**3 + 11*d**2 + 104*d + 1149. Give m(-11).
5
Let j(k) = -119*k + 4568. Calculate j(38).
46
Let x(b) = 10*b**3 + 7*b**2 + 14*b. Give x(-2).
-80
Let o(s) = 76*s + 1819. Give o(-24).
-5
Let i(m) = 1178*m. Give i(0).
0
Let l(k) = 34*k - 712. Calculate l(21).
2
Let s(l) = -2*l**2 - 106*l + 4543. Give s(-81).
7
Let a(i) = 49*i - 211. What is a(5)?
34
Let a(h) = -2*h**2 - 163*h - 1608. What is a(-70)?
2
Let k(l) = -l**2 + 36*l - 54. Give k(36).
-54
Let n(v) = 2*v**3 + 13*v**2 + 19*v + 31. Calculate n(-5).
11
Let v(p) = 46*p - 1084. Calculate v(25).
66
Let h(j) = -j**3 - 36*j**2 - 201*j + 74. Give h(-29).
16
Let y(w) = -45*w - 313. Determine y(-8).
47
Let c(y) = 249*y**2 - 469*y - 48. Give c(2).
10
Let w(g) = g**3 - g**2 + 25*g - 34. Calculate w(7).
435
Let b(h) = 7*h**2 - 19*h. Calculate b(3).
6
Let x(h) = -12*h**2 + 6*h - 43. Determine x(4).
-211
Let z(q) = -12*q - 223. Determine z(-17).
-19
Let i(h) = -22*h + 445. Give i(20).
5
Let q(s) = -9*s**3 + 6*s**2 - 6*s. Give q(1).
-9
Let j(b) = -b**2 + 60*b - 624. What is j(16)?
80
Let k(i) = i**3 + 20*i**2 + 53*i + 327. Give k(-17).
293
Let b(g) = g**3 - 27*g**2 + 64*g + 197. Determine b(24).
5
Let h(v) = v**3 - 21*v**2 - 78*v + 19. Calculate h(24).
-125
Let c(x) = x**3 + 50*x**2 + 9*x + 403. Give c(-50).
-47
Let x(k) = -k**3 + 15*k**2 - 7*k - 120. Calculate x(14).
-22
Let t(k) = k**3 + 65*k**2 - 32*k - 2043. What is t(-65)?
37
Let f(t) = -2*t**3 - 2*t**2 + 92*t - 17. Give f(-7).
-73
Let f(h) = 23*h**2 + 118*h + 17. Calculate f(-5).
2
Let l(g) = 102*g + 3344. Determine l(-34).
-124
Let c(b) = -3*b**3 + 17*b**2 + 25*b + 24. Determine c(-4).
388
Let o(n) = -2*n**2 - 148*n - 139. Give o(-73).
7
Let f(r) = -r**2 + 15*r - 62. Give f(10).
-12
Let l(y) = -y**3 - 23*y**2 - 57*y + 11. Calculate l(-20).
-49
Let s(i) = -2*i**2 + 96*i + 500. What is s(49)?
402
Let j(t) = -11*t + 42. What is j(-33)?
405
Let v(o) = 22*o**2 + 132*o - 271. Calculate v(2).
81
Let s(u) = -22*u**2 - 190*u - 326. Determine s(-6).
22
Let l(j) = -2*j**3 + 11*j**2 + 28*j - 15. Calculate l(-5).
370
Let j(a) = a**2 - 62*a - 6043. What is j(-53)?
52
Let k(g) = g**3 - 24*g**2 + 131*g + 5. Give k(15).
-55
Let w(d) = -d**2 - 500*d - 4448. Calculate w(-9).
-29
Let v(m) = m**2 + 1105*m + 13120. Give v(-12).
4
Let c(p) = -6*p**2 + 7*p - 28. Determine c(7).
-273
Let l(j) = j**3 - 24*j**2 - 22*j - 99. Determine l(25).
-24
Let p(m) = m**3 - 29*m**2 + 80*m - 34. What is p(26)?
18
Let s(p) = -196*p + 2169. Give s(11).
13
Let n(d) = -d**2 + 358*d + 1425. Give n(-4).
-23
Let y(a) = 762*a + 92198. Determine y(-121).
-4
Let o(v) = v**2 + 17*v + 65. Give o(-9).
-7
Let l(j) = -j**3 + 5*j**2 + 101*j - 22. C